hat is the units digit of 4/(-30) - 2/(120/k)?
7
Suppose -4*m - m - 15 = 4*f, -m + 3*f = -16. Let h be (-3*m)/(42/(-28)). Suppose 29 = 4*a + 4*g - 3*g, a = -h*g + 2. What is the units digit of a?
8
Let o = -18 + 23. Suppose -o*a - 3 = -6*a. What is the units digit of a?
3
Let n(b) = 11*b - 3. Let p be n(3). What is the units digit of (-5 + -7)/((-2)/p)?
0
Let l = 16 - 14. Suppose -l*k + 2*v + 64 = 0, 2*k = -3*v + 29 + 40. What is the tens digit of k?
3
Let j(u) = -55*u**2 + 7*u + 1. Let r(s) = -54*s**2 + 6*s + 1. Let x(w) = 6*j(w) - 7*r(w). What is the tens digit of x(1)?
4
Let k(r) = -20*r + 73. What is the units digit of k(-19)?
3
What is the tens digit of 1 - 13208/(-6)*18/12?
0
Suppose 13*y = 11*y - 14. Let z(l) = -2*l**3 - 14*l**2 - 2*l. What is the tens digit of z(y)?
1
Let q be 1/(-3 + 75/24). Let f be ((-88)/(-2))/(4/q). Suppose 8*p + f = 12*p. What is the units digit of p?
2
Suppose 5*b + 28*z = 23*z + 8960, 3*z = -5*b + 8960. What is the units digit of b?
2
Suppose 0 = k + 2*d + 3, -3 = 3*k - d - 15. Suppose -j - k*b - 5 = -2*j, 0 = -5*b + 20. What is the units digit of j?
7
What is the units digit of -2764*4/(-16)*(1 + 0)?
1
Suppose 286 - 742 = -8*v. Suppose -19 = -u + 2*n, u + n = -2*u + v. What is the units digit of u?
9
Let m(f) = -f**2 + 8*f + 8. Let d = -17 + 17. Suppose d*i - 2*i = -14. What is the tens digit of m(i)?
1
Let f(t) = 21 - 6 - 2*t + t. What is the units digit of f(14)?
1
Let h be (-3)/(-12) - (-116)/(-16). Suppose -4*i + 0*i = 8. Let c = i - h. What is the units digit of c?
5
Let i be 13/26*(1 - (0 + -957)). Let u = -309 + i. What is the units digit of u?
0
Suppose 2*b = 58 - 52. Suppose -329 = -4*a - b*a. What is the tens digit of a?
4
Let o(b) = b**3 - 7*b**2 + 8*b - 7. Suppose -5*s + 13 = -17. Let n be o(s). Let u = n + 13. What is the units digit of u?
8
Suppose -3*i = -15, 3*i - 1 = 5*s - 6. Suppose s*x - t = -13, -2*x = t + 3*t + 20. What is the units digit of ((-14)/x)/(-7)*-18?
9
Let o(t) = 3*t**2 - 8*t - 96. What is the tens digit of o(19)?
3
Let f = -78 + 102. What is the units digit of f?
4
What is the units digit of (21/(-2) - 0)*(-22 - 2)?
2
What is the tens digit of (-3)/4 - (-27591)/68?
0
Let q(z) = z**3 + 11*z**2 - 3*z + 11. Let b be q(-11). Let j = 73 - b. What is the tens digit of j?
2
Suppose -a = -2*n - 230, -2*a - 2*a = -5*n - 920. Suppose 4*r - 3*b = 435, 0 = 3*r - 4*b - a - 98. What is the hundreds digit of r?
1
What is the units digit of ((-4113)/2)/(2/((-16)/6))?
2
Let j = -7 + 7. Let h = j + 42. What is the units digit of h?
2
Let b(r) = -4*r**2 - 9*r. Let s(l) = 5*l**2 + 8*l + 1. Let v(n) = 4*b(n) + 3*s(n). What is the units digit of v(-12)?
3
Let i(t) = 69*t**3 - t**2 - 13*t + 22. What is the hundreds digit of i(2)?
5
Suppose -12 = 14*z - 16*z. What is the tens digit of 1 - ((-16)/z)/(12/306)?
6
Let a(f) = 12*f - 16. Let q(v) = v - 1. Let k(g) = 2*a(g) - 22*q(g). Let u be k(7). Suppose 5*w - 4*p - 75 = p, 0 = u*p + 12. What is the units digit of w?
2
Let b = 158 - 153. Let g = 79 - 34. Suppose b*h - l + 1 = 154, 2*h - g = -5*l. What is the tens digit of h?
3
Suppose 0 = 2*h - i - 6238, -3*h - 78*i = -75*i - 9357. What is the units digit of h?
9
Suppose 4*t + 4863 = 5*y, y = -2*y + 2*t + 2919. What is the tens digit of y?
7
Let v = -388 - -564. Let i = 371 - v. What is the hundreds digit of i?
1
Let f = 39 + -36. Let o(k) = k**3 + k**2 + 6*k - 10. What is the units digit of o(f)?
4
Let a(b) = 2*b**3 - 2*b**2 - 4*b + 7. Let x be a(2). Suppose -71 = x*g - 400. What is the units digit of g?
7
What is the hundreds digit of (-2)/10 - (2880/(-25) - 7)?
1
Let q(s) = -98*s**3 + 4*s + 99*s**3 - 7 + 0 + 9*s**2. Let b be q(-8). Suppose -5*l + 65 = -b. What is the tens digit of l?
1
Let a(y) = -87*y + 12. Let j be a(-6). Suppose -3*f + 3*p + 300 + 93 = 0, 4*f = -p + j. What is the units digit of f?
3
Suppose 8895 = 6*c + 9*c. What is the tens digit of c?
9
Let o = -18 + 13. Let x = o - -20. Suppose -2*g + 47 = x. What is the tens digit of g?
1
Let t = -39 + 11. Let g = t + 37. What is the units digit of g?
9
Let z = -1668 - -3010. What is the hundreds digit of z?
3
What is the units digit of (12/10)/((-30)/(-5150))?
6
Suppose 8*n = -2001 + 11129. What is the thousands digit of n?
1
Let n = 4 - 16. What is the tens digit of -3 + (41 - n/4)?
4
Let n = -49 + 1126. What is the thousands digit of n?
1
Let q(j) = j**3 + 14*j**2 + 20*j - 8. Suppose 54*u = 50*u - 36. What is the hundreds digit of q(u)?
2
Suppose 5*h - 9566 = 3*h. Suppose 356 = -19*o + h. What is the hundreds digit of o?
2
What is the units digit of (-5 - -6)/(-5)*-9995?
9
Let h(v) = v**3 + 5*v**2 - 2*v - 2. Let q be h(-4). Let a = 433 - 426. Suppose 5*p - 210 = -a*b + 2*b, p - q = 3*b. What is the tens digit of p?
3
Let m = 24 - -379. What is the units digit of m?
3
Let u(d) = d**2 - 5*d + 3. Suppose 5*v + 5 = 30. Let k be u(v). Suppose -3*n + 4*h - 124 = -7*n, -k*n + 98 = 4*h. What is the units digit of n?
6
Let c = 11 - 9. Let b be (-20)/(-8)*c/1. Let a = b - 0. What is the units digit of a?
5
What is the units digit of (-6)/45 - (10834/(-30))/1?
1
Suppose -5*g + g = -4. Suppose 5*b - 20 = -5*p, 0 = -3*p + 2*b + 22 + 5. What is the tens digit of (p + -33)*g/(-2)?
1
Let y(t) = -t**2 - 5*t - 5. Suppose 4 = 5*z - 4*v + 16, 5*z - v = -18. Let j be y(z). What is the units digit of 7 + 5 - 3*j?
5
Suppose v + 3*v = 2*a + 528, 5*a = -v + 154. Suppose -4*n + v = -74. What is the units digit of n?
2
Let h = 10 - 15. Let w = h - -11. Suppose 24 - w = x. What is the tens digit of x?
1
Let b(m) = 51*m + 3. Let u be b(4). Suppose 337 = 8*a - u. What is the tens digit of a?
6
What is the hundreds digit of 270 - (-12 + (-120)/(-12))?
2
Suppose 0 = -4*o - o + 1000. Suppose 2*c + m = 132, -o = -0*c - 3*c - 2*m. What is the tens digit of c?
6
Suppose -4*o - 94 = -4*p + 3*p, -5*o = -5*p + 410. What is the units digit of p?
8
Let r = -72 + 133. Let l = r + -10. What is the tens digit of l?
5
Let m be ((-10)/3)/((-15)/45). What is the units digit of m/125*-5 + (-644)/(-10)?
4
What is the tens digit of (-27)/(-6)*(-14930)/(-45)?
9
Suppose 5*f - 96 = 2*m, 2*f + 4*m - 27 = m. Suppose d = -f - 33. Let b = d - -71. What is the tens digit of b?
2
Suppose 13*m + 14 = 20*m. Suppose -281 = -m*x + 49. What is the hundreds digit of x?
1
Let t(h) = -46*h**3 + 5*h**2 - h - 11. Let k(i) = 23*i**3 - 2*i**2 + 6. Let v(q) = -5*k(q) - 3*t(q). What is the hundreds digit of v(2)?
1
Let b = 611 - 349. What is the units digit of b?
2
Let s be ((-34)/4)/((-5)/50). Suppose 4*t + 9 = t, -2*m + s = -5*t. Suppose -x + m - 8 = 0. What is the units digit of x?
7
Suppose -3*c - d = -6605, -52*c + 11008 = -47*c + 2*d. What is the hundreds digit of c?
2
Suppose -3*z - r = -29, 0 = 3*r - r - 10. Suppose -23*f = -z*f - 3705. What is the tens digit of f?
4
Let s(h) be the first derivative of 2*h**2 + 62*h - 33. What is the units digit of s(21)?
6
Let t(u) = 7*u**2 - 8*u + 8. Let w be t(8). Suppose -i - 4*i = -4*p + w, -5*p + 5*i = -485. Let s = -48 + p. What is the tens digit of s?
4
What is the hundreds digit of (1 - (-2 - -9))*2556/(-8)?
9
Suppose -88*w + 74*w + 8512 = 0. What is the hundreds digit of w?
6
Suppose -4*i = -9 - 7. Let l be 325/(-20) + 1/i. Let d = l + 47. What is the tens digit of d?
3
Let j = 1091 + -514. What is the tens digit of j?
7
Let i = 31 + 107. What is the units digit of i?
8
Let d(q) = 50*q - 10. Let f(t) = t - 17. Let r be f(10). Let v be d(r). What is the tens digit of (-4)/14 + v/(-35)?
1
Let j(t) = 370*t**2 - 13*t - 48. What is the tens digit of j(-3)?
2
Suppose d + 3*a - 19 = -2, -2*a = 4*d - 18. Suppose 14 = 4*z - d*z - 2*p, 4*p + 20 = 0. Suppose -4 = z*b - 36. What is the units digit of b?
6
Let m(p) = -p - 4. Suppose 4*d + 14 = 3*s - 29, 5*s - 18 = -d. Let r be m(d). Suppose -5*z + 4 = t - 8, -24 = -2*t - r*z. What is the tens digit of t?
1
Suppose 4*k = -2246 + 1854. Suppose 135 + 23 = -l. Let y = k - l. What is the tens digit of y?
6
Suppose 12*j - 2*j = 0. What is the units digit of (-4 - j)*(4 - 18)?
6
Let k(n) = -2*n**3 - 4*n**2 + n - 5. Let t be k(3). Let x = t + 180. What is the tens digit of x?
8
Let x(j) = 4*j**2 - 6. Let w(h) = -5*h**2 + h + 6. Let l(f) = -5*w(f) - 6*x(f). Let p(q) = 6*q**2 + 2*q - 3. Let t be p(1). What is the units digit of l